nder when 180 is divided by 57.
9
What is the remainder when 387 is divided by 133?
121
Calculate the remainder when 83 is divided by 45.
38
What is the remainder when 93 is divided by 4?
1
What is the remainder when 247 is divided by 31?
30
What is the remainder when 447 is divided by 8?
7
Calculate the remainder when 1056 is divided by 298.
162
What is the remainder when 3491 is divided by 36?
35
What is the remainder when 232 is divided by 212?
20
What is the remainder when 49 is divided by 11?
5
Calculate the remainder when 1522 is divided by 56.
10
What is the remainder when 4024 is divided by 33?
31
What is the remainder when 84 is divided by 15?
9
Calculate the remainder when 198 is divided by 55.
33
What is the remainder when 506 is divided by 181?
144
What is the remainder when 1146 is divided by 61?
48
What is the remainder when 383 is divided by 32?
31
Calculate the remainder when 12 is divided by 9.
3
Calculate the remainder when 847 is divided by 58.
35
Calculate the remainder when 397 is divided by 4.
1
Calculate the remainder when 803 is divided by 302.
199
Calculate the remainder when 306 is divided by 149.
8
What is the remainder when 15660 is divided by 69?
66
Calculate the remainder when 1531 is divided by 306.
1
What is the remainder when 22 is divided by 4?
2
What is the remainder when 28 is divided by 6?
4
Calculate the remainder when 149 is divided by 34.
13
What is the remainder when 6395 is divided by 200?
195
What is the remainder when 218 is divided by 67?
17
What is the remainder when 155 is divided by 60?
35
Calculate the remainder when 1161 is divided by 83.
82
Calculate the remainder when 2735 is divided by 341.
7
Calculate the remainder when 397 is divided by 65.
7
Calculate the remainder when 1073 is divided by 30.
23
What is the remainder when 84 is divided by 20?
4
Calculate the remainder when 32083 is divided by 263.
260
What is the remainder when 1449 is divided by 29?
28
What is the remainder when 161 is divided by 54?
53
Calculate the remainder when 6658 is divided by 17.
11
Calculate the remainder when 164 is divided by 33.
32
What is the remainder when 575 is divided by 155?
110
Calculate the remainder when 10059 is divided by 480.
459
What is the remainder when 159 is divided by 133?
26
Calculate the remainder when 395 is divided by 66.
65
Calculate the remainder when 88 is divided by 18.
16
What is the remainder when 202 is divided by 17?
15
What is the remainder when 47 is divided by 27?
20
Calculate the remainder when 23 is divided by 15.
8
What is the remainder when 1680 is divided by 47?
35
What is the remainder when 428 is divided by 48?
44
Calculate the remainder when 20 is divided by 18.
2
What is the remainder when 31 is divided by 12?
7
What is the remainder when 227 is divided by 201?
26
What is the remainder when 787 is divided by 223?
118
What is the remainder when 121 is divided by 7?
2
Calculate the remainder when 118 is divided by 7.
6
Calculate the remainder when 9748 is divided by 49.
46
What is the remainder when 99 is divided by 93?
6
What is the remainder when 87 is divided by 4?
3
Calculate the remainder when 249 is divided by 83.
0
What is the remainder when 61 is divided by 34?
27
What is the remainder when 208 is divided by 74?
60
Calculate the remainder when 2734 is divided by 114.
112
Calculate the remainder when 50093 is divided by 66.
65
Calculate the remainder when 671 is divided by 4.
3
What is the remainder when 32 is divided by 3?
2
Calculate the remainder when 18036 is divided by 291.
285
Calculate the remainder when 2710 is divided by 167.
38
What is the remainder when 30 is divided by 11?
8
Calculate the remainder when 1318 is divided by 88.
86
Calculate the remainder when 862 is divided by 14.
8
Calculate the remainder when 9172 is divided by 2293.
0
Calculate the remainder when 220 is divided by 42.
10
What is the remainder when 40 is divided by 19?
2
Calculate the remainder when 348 is divided by 89.
81
Calculate the remainder when 71 is divided by 43.
28
What is the remainder when 358 is divided by 12?
10
Calculate the remainder when 190 is divided by 39.
34
Calculate the remainder when 131 is divided by 43.
2
Calculate the remainder when 328 is divided by 160.
8
Calculate the remainder when 4500 is divided by 322.
314
What is the remainder when 430 is divided by 14?
10
Calculate the remainder when 284 is divided by 57.
56
Calculate the remainder when 1705 is divided by 242.
11
Calculate the remainder when 221 is divided by 76.
69
What is the remainder when 1502 is divided by 100?
2
What is the remainder when 125 is divided by 61?
3
Calculate the remainder when 272 is divided by 124.
24
What is the remainder when 136 is divided by 21?
10
What is the remainder when 1784 is divided by 111?
8
Calculate the remainder when 1356 is divided by 97.
95
Calculate the remainder when 70 is divided by 9.
7
What is the remainder when 253 is divided by 66?
55
What is the remainder when 1519 is divided by 365?
59
What is the remainder when 35 is divided by 18?
17
Calculate the remainder when 200 is divided by 103.
97
Calculate the remainder when 332 is divided by 99.
35
Calculate the remainder when 297 is divided by 70.
17
What is the remainder when 326 is divided by 98?
32
What is the remainder when 403 is divided by 389?
14
What is the remainder when 26 is divided by 4?
2
Calculate the remainder when 5449 is divided by 1801.
46
Calculate the remainder when 645 is divided by 185.
90
What is the remainder when 427 is divided by 34?
19
What is the remainder when 5484 is divided by 112?
108
Calculate the remainder when 883 is divided by 12.
7
Calculate the remainder when 598 is divided by 60.
58
What is the remainder when 164 is divided by 50?
14
What is the remainder when 1450 is divided by 12?
10
Calculate the remainder when 25 is divided by 20.
5
What is the remainder when 257 is divided by 31?
9
What is the remainder when 1354 is divided by 12?
10
Calculate the remainder when 24605 is divided by 18.
17
Calculate the remainder when 272 is divided by 48.
32
Calculate the remainder when 644 is divided by 63.
14
What is the remainder when 224 is divided by 15?
14
Calculate the remainder when 122 is divided by 71.
51
What is the remainder when 2190 is divided by 20?
10
What is the remainder when 690 is divided by 57?
6
Calculate the remainder when 156 is divided by 41.
33
What is the remainder when 361 is divided by 229?
132
What is the remainder when 368 is divided by 74?
72
What is the remainder when 676 is divided by 91?
39
Calculate the remainder when 271 is divided by 34.
33
What is the remainder when 174 is divided by 73?
28
What is the remainder when 416 is divided by 25?
16
Calculate the remainder when 1074 is divided by 443.
188
Calculate the remainder when 371 is divided by 19.
10
Calculate the remainder when 7 is divided by 2.
1
What is the remainder when 236 is divided by 194?
42
What is the remainder when 1364 is divided by 24?
20
What is the remainder when 47 is divided by 6?
5
What is the remainder when 311 is divided by 127?
57
What is the remainder when 919 is divided by 129?
16
Calculate the remainder when 326 is divided by 20.
6
Calculate the remainder when 2469 is divided by 24.
21
What is the remainder when 192 is divided by 92?
8
What is the remainder when 125 is divided by 6?
5
What is the remainder when 1557 is divided by 310?
7
Calculate the remainder when 1352 is divided by 7.
1
Calculate the remainder when 160 is divided by 115.
45
What is the remainder when 1870 is divided by 25?
20
What is the remainder when 217 is divided by 16?
9
What is the remainder when 7800 is divided by 110?
100
Calculate the remainder when 157 is divided by 41.
34
Calculate the remainder when 48 is divided by 38.
10
What is the remainder when 9239 is divided by 56?
55
Calculate the remainder when 145 is divided by 25.
20
Calculate the remainder when 83 is divided by 14.
13
Calculate the remainder when 57 is divided by 17.
6
What is the remainder when 6101 is divided by 142?
137
Calculate the remainder when 97 is divided by 4.
1
What is the remainder when 184 is divided by 71?
42
What is the remainder when 208 is divided by 43?
36
Calculate the remainder when 10071 is divide